hat is the remainder when 63 is divided by u?
19
Let l(g) = g**2 - 7*g. What is the remainder when l(8) is divided by 2?
0
What is the remainder when 15 is divided by -18*-1*(-3)/(-6)?
6
Let x = -1 - -3. Suppose -12 = -3*a, -p + x*a = -5 + 4. Suppose 4*y - p = 31. Calculate the remainder when 28 is divided by y.
8
Suppose 3*a + 38 = 4*l, -2*l + 7*l = -2*a + 59. What is the remainder when l is divided by 5?
1
Let h(b) = 10*b - 2. Let v be 1184/(-22) + 6/(-33). Calculate the remainder when (-2 + 1 - v)/1 is divided by h(2).
17
Let d(n) = -n**2 - 14*n - 12. What is the remainder when 34 is divided by d(-12)?
10
Let n = 31 + -18. Let o = -9 + n. Let a(q) = q**2 + 4. What is the remainder when a(o) is divided by 7?
6
Let i(m) = -m**2 - 7*m - 6. Let g be i(-4). Let j = g + 9. Let h = 0 - -8. What is the remainder when j is divided by h?
7
Let s(r) = -19*r**3 - 2*r**2 + 1. Suppose f + 4*f = -5. Suppose 0 = -3*o, -105 = -t - 2*t - 4*o. Calculate the remainder when t is divided by s(f).
17
Suppose 8*j - 144 = 136. Calculate the remainder when j is divided by 6.
5
Let k be (91/(-7))/((-1)/(-2)). What is the remainder when 13 is divided by k/(-7) - (-36)/126?
1
Let x(p) = -p**3 + 7*p**2 + 1. Let c be x(6). Let n = c + -15. Calculate the remainder when n is divided by (-240)/45*(-9)/4.
10
Let p(h) = -3*h - 1. Suppose d - 7 = 5*c - 69, 0 = 4*c - d - 50. Calculate the remainder when p(-8) is divided by (-2 - 16/(-6))*c.
7
Let p = 11 - 15. Let d be (-9)/(-5) + p/(-20). Suppose -5*t + d = -3*t. Calculate the remainder when t is divided by 1.
0
Let r = 0 - 4. Let s(g) = g**3 + 3*g**2 - 7*g - 5. Let h be s(r). Suppose -1 = -f + h. What is the remainder when 23 is divided by f?
7
Let h(k) = -k + 32. Let z be (-15)/(-2*6/(-8)). Let v = 2 - z. What is the remainder when h(10) is divided by v?
10
Let x = 10 - 6. Suppose -41 = x*c - 229. What is the remainder when c is divided by 16?
15
Let b be (14/(-4))/(7/(-28)). Suppose 0 = 2*v + b - 54. Calculate the remainder when v is divided by 7.
6
Let d = 114 - 111. Calculate the remainder when 23 is divided by d.
2
Suppose 8*o = 5*o + 21. Let g(v) = -v. Let p be g(0). Suppose 4*c + p*c = 16. What is the remainder when o is divided by c?
3
Calculate the remainder when 21 - (3/2)/(-1)*-2 is divided by 10.
8
Suppose t + 5*j = 6*j + 11, -3*t + 2*j + 32 = 0. Calculate the remainder when t is divided by 3.
1
Let f(q) = -7*q - 7. Let v(r) = -r**2 - 3*r. Let g be v(-2). Calculate the remainder when f(-5) is divided by (6/4)/(g/20).
13
Suppose -2*j - 5 = 1. Let u = j - -4. What is the remainder when 3 is divided by u?
0
Let j(q) = -q + 6. Let s be j(6). Suppose s = b + b. Suppose b*l = -l + 5, 5*t - l - 80 = 0. What is the remainder when t is divided by 6?
5
Suppose -3*w + 5*v + 54 = 0, -w + 16 = 2*v - 2. Suppose 15*j = 20*j - 265. Calculate the remainder when j is divided by w.
17
Suppose -5*w + 110 + 69 = 2*o, 261 = 3*o + 5*w. Calculate the remainder when o is divided by 28.
26
Suppose -4*l - 7 - 37 = 0. Let t = 31 + l. Suppose -2*y + 14 = 2*w, -w - 2*y = -3*y - 7. What is the remainder when t is divided by w?
6
Suppose 0 = d - 10 + 1. Let i = 15 - 9. Suppose -57 = -3*k - i*r + 3*r, -r = 2*k - 35. Calculate the remainder when k is divided by d.
7
Let w(g) = -10*g - 1. Suppose 1 = f - 0*f. Let u be w(f). Let j = u - -17. Calculate the remainder when 17 is divided by j.
5
Let s(u) = u + 34. Calculate the remainder when s(-11) is divided by (-1 - -2)*26/2.
10
Suppose 0 = -m + 6*m - 110. Calculate the remainder when 39 is divided by m.
17
Let g(i) = 5*i**3 + 13*i**2 + i + 6. Let u(x) = -6*x**3 - 14*x**2 - x - 6. Let y(v) = -5*g(v) - 4*u(v). What is the remainder when y(-9) is divided by 3?
0
Suppose -3*d = 4*w - 204, 4*d - 4*w = -6*w + 262. Calculate the remainder when d is divided by 33.
31
Let g be (0 + 1)/((-2)/14). Suppose 3*d = 3*u + 12, 0*u - u + 4*d - 10 = 0. Let b = u - g. What is the remainder when 18 is divided by b?
3
Calculate the remainder when 53 is divided by ((-16)/14)/4 + 128/7.
17
Let j = -108 - -138. What is the remainder when 117 is divided by j?
27
Let v = -6 - -9. Let x(a) = -a**2 - 7*a + 2. Suppose -2*o - 13 = -1. Calculate the remainder when x(o) is divided by v.
2
Suppose 0 = -4*x - 0*x + 72. Calculate the remainder when (-6 - -77)/(3 - 2) is divided by x.
17
Let q = -93 + 163. Calculate the remainder when q is divided by 34/(-3 - -5) + 1.
16
Let s = 6 - -10. Calculate the remainder when 2 - (-35)/(-20) - (-179)/4 is divided by s.
13
Suppose -w + 12 = -18. Let n = 7 - 3. What is the remainder when (2 - -1)*w/9 is divided by n?
2
Suppose 4*w + 23 = 67. Suppose 4*j - 15 = -3*f, 0*j + 2*j - 4*f = 2. What is the remainder when w is divided by j/((-3)/(-2))*3?
5
Suppose -129 = -5*y + 2*y. Suppose -4*l = 19 - y. Calculate the remainder when 16 is divided by l.
4
Let q be (1/3)/(6/72). Suppose 5*d - 162 = -3*f, q*d + 0*f = 5*f + 100. Calculate the remainder when 117 is divided by d.
27
Let p = -18 - -29. What is the remainder when 39 is divided by p?
6
Let d(u) = u**3 - 17*u**2 + 11*u - 13. Let m(c) = c**3 - 16*c**2 + 11*c - 12. Let y(o) = -5*d(o) + 6*m(o). What is the remainder when 3 is divided by y(10)?
0
What is the remainder when ((2 - 5) + 1)*(-246)/12 is divided by 15?
11
Let r = 16 + -13. Let m = 4 - 4. Suppose -4*f + 23 - 3 = m. What is the remainder when f is divided by r?
2
Let z(a) = 2*a + 6. Let j be z(10). Let r = -17 + j. What is the remainder when 25 is divided by r?
7
Suppose c = 8 + 29. Calculate the remainder when 21 is divided by c/3 + 3/(-9).
9
Let d(y) = y**2 + 2*y + 35. Calculate the remainder when 198 is divided by d(-5).
48
Let z = 149 - 82. What is the remainder when z is divided by 23?
21
Suppose 0 = t + 5*n - 28, 3*n + 3 - 12 = 2*t. Calculate the remainder when 3 is divided by t.
0
Let t = 158 + -61. Let d = 150 - t. Calculate the remainder when d is divided by (-2)/(-3) - (-156)/9.
17
What is the remainder when 38 is divided by (40/(-28))/5 + (-144)/(-14)?
8
Let w = 5 + -2. Let f = 62 - 35. Calculate the remainder when f is divided by (w/6)/(2/56).
13
Let k = -11 + 7. Let b(w) = w**3 + 4*w**2 - 3*w - 6. What is the remainder when 17 is divided by b(k)?
5
Suppose -p = a + 4*a + 4, -4*a - 5*p - 20 = 0. Suppose 5*x - 18 - 12 = a. What is the remainder when x is divided by 3?
0
Suppose -25 + 91 = 6*g. Calculate the remainder when 31 is divided by g.
9
Let j(c) be the third derivative of -1/4*c**4 + 1/3*c**3 + 0*c - 3*c**2 + 0 - 1/60*c**5. Calculate the remainder when j(-5) is divided by 4.
3
Let f = 5 - 1. Suppose -f*z = z - 65. What is the remainder when z is divided by ((-7)/(-2))/(2/4)?
6
Let i(n) = n**3 + 3*n**2 - 6*n - 2. Let w(j) = -2*j**3 - 6*j**2 + 12*j + 4. Let t(r) = -7*i(r) - 4*w(r). Calculate the remainder when t(-4) is divided by 3.
0
Let z be 3/15 - 24/(-5). Let p = -25 - -44. What is the remainder when p is divided by ((-2)/z)/((-4)/110)?
8
Suppose 2*v - 6*b = -2*b + 34, b + 25 = 2*v. What is the remainder when 29 is divided by v?
7
Let p = 738 + -723. Let f(v) = 10*v - 1. What is the remainder when p is divided by f(1)?
6
Suppose 2*u = u + 21. Calculate the remainder when 61 is divided by u.
19
Let d = 17 + 6. Calculate the remainder when d is divided by 8.
7
Suppose 0 = -3*f - f + 3*z + 146, 0 = 4*f + 4*z - 160. Let k = -16 - -30. Calculate the remainder when f is divided by k.
10
Suppose 2*v = 3*g - 33, 3 + 3 = -2*v. Suppose 2*o + 5*h + 3 = 6, -2*o + 5*h + 13 = 0. Suppose -o*b = -34 + 10. What is the remainder when g is divided by b?
3
Let y(s) be the third derivative of -s**6/120 - s**5/60 + s**4/24 + 11*s**3/6 + s**2. What is the remainder when 33*1 + -1 - 1 is divided by y(0)?
9
Suppose 0 = -0*k - k + 1. Let g = k + 5. Calculate the remainder when 21 is divided by g.
3
Suppose -s - 32 = -5*s. Let g = -65 - -70. Calculate the remainder when s is divided by g.
3
Let j be (1 - (-1 + -6))/2. Suppose -5*l + 4*q = -q + 5, j*l - 12 = -4*q. Calculate the remainder when 2 is divided by l.
0
Suppose -2*d = -4*m + 10, -5*d + 11 = -m + 3*m. Suppose m*p + 4*b - 118 = 0, b + 4*b - 43 = -p. What is the remainder when p is divided by 10?
8
Suppose -n = -5*d + 5, 3*d + 2 = -5*n + 5. Suppose -5*z - 4 = 4*x - 38, n = -2*z + 4. Calculate the remainder when 10 is divided by x.
4
Let n 